Suppose -5*h - 75 = -5. Let i = 43 + h. Calculate the highest common divisor of 290 and i.
29
Let a be 3/((-36)/(-8))*45. Calculate the greatest common divisor of 60 and a.
30
Let f = -3 - -10. Suppose 6*x + 24 = 4*b + 4*x, x = 4*b - 26. Calculate the greatest common divisor of f and b.
7
Let r = 40 + -39. Calculate the greatest common factor of 4 and r.
1
Let o = 2 - -1. Let l = -5 + 7. What is the greatest common divisor of o and l?
1
Let y(o) = o**3 + 4*o. Let u be y(4). What is the greatest common divisor of u and 16?
16
Suppose -4*x + 5*u + 8 + 32 = 0, -5*x + 2*u = -67. Calculate the highest common divisor of x and 120.
15
Let c = -34 - -79. Calculate the greatest common divisor of 9 and c.
9
Let m = 18 - 10. Calculate the greatest common divisor of m and 88.
8
Suppose -2*p = -4*p + 12. What is the highest common factor of p and 6?
6
Let h(w) = -w**3 - 5*w**2 - 5*w + 7. Suppose 2*n + 2*n + 45 = 5*b, 0 = -4*n - 5*b + 5. Let a be h(n). Calculate the highest common divisor of 80 and a.
16
Suppose 5*m + 27 = -2*v, 50 = -3*v + 4*m - 2. Let b = v - -30. What is the highest common factor of b and 154?
14
Suppose -v + 0*v = -h + 17, -3*v - 3 = 0. Calculate the highest common factor of 2 and h.
2
Let k be 9/(-3) + 3 + 8. Let r(y) = y**2 - 7*y. Let s be r(k). What is the highest common divisor of s and 64?
8
Suppose 0*j + 46 = q + 2*j, -3*q = 2*j - 130. Let v be 28/(-6)*-1*3. Calculate the greatest common divisor of v and q.
14
Suppose 245 = 5*v + a, -129 = -v - 2*v + 3*a. Calculate the highest common divisor of v and 12.
12
Let b(u) = 2*u - 2. Let c be b(2). Let g be 3 + (0 - (-38)/c). Calculate the highest common factor of g and 88.
22
Let r = 165 + -74. Calculate the highest common divisor of r and 13.
13
Let v(l) = 7*l**2 + 10*l + 16. Let o be v(-4). Let q be (-1)/(1 - 2) - -10. Calculate the highest common factor of q and o.
11
Suppose 18*t - 13*t - 45 = 0. Calculate the greatest common factor of 63 and t.
9
Let h be (-3)/(-12) - (-75)/20. What is the highest common factor of 20 and h?
4
Let q(b) = 10*b - 31. Let s be q(5). Calculate the greatest common factor of s and 38.
19
Suppose 2*d = 3*d - 64. Suppose 0 = -5*w + w + d. What is the highest common divisor of 176 and w?
16
Suppose -3*b + 2*b + 28 = 0. Let u(o) = -o - 7. Let x be u(-6). Let i be (-6 + x)/((-4)/4). What is the greatest common divisor of b and i?
7
Let w(s) = 2*s + 30. Let a be w(-14). Calculate the greatest common factor of 14 and a.
2
Let a = 14 + -20. Let s be a/24 + 1474/8. Calculate the highest common divisor of 23 and s.
23
Let u = 30 + -21. Let z = 6 - 5. Suppose 2 - z = l. Calculate the highest common divisor of l and u.
1
Let z be 173/9 - (-2)/(-9). Let y be (-627)/(-22)*(-4)/(-3). Calculate the highest common factor of z and y.
19
Let y(f) = -f**3 - 5*f**2 + 3*f - 49. Let v be y(-7). Let l = 37 + -55. Let u = 25 + l. What is the greatest common divisor of v and u?
7
Suppose 0 = -u - 3*u + 16, -38 = -p - 4*u. What is the greatest common factor of 22 and p?
22
Suppose 660 = 12*a - 0*a. Let c = -2 + 7. Calculate the greatest common divisor of c and a.
5
Suppose -m - 2*m - v = 9, -22 = 5*m + 4*v. Let a be ((-2)/(-2))/(m/(-20)). Calculate the highest common divisor of 30 and a.
10
Let v be (-1 + (-3)/(-15))/(3/(-15)). What is the highest common factor of 44 and v?
4
Let g(d) = d. Let p be g(3). Let l(b) = -p + 0 + 6*b + 6*b**2 - b**3 - 3. Let r be l(6). Calculate the highest common factor of r and 6.
6
Let f = 11 + -8. Suppose -70 = -f*a + a. What is the greatest common divisor of 14 and a?
7
Let r = 23 - -27. Let u be -3 + 4 - (-4)/2. Suppose 2*i + 10 = u*i. What is the greatest common divisor of i and r?
10
Suppose -2*h - 5*d = -0*h - 333, 2*d + 760 = 5*h. Let c be (-8)/32 + 57/4. Calculate the greatest common factor of h and c.
14
Suppose 3*v - 102 = -4*d, 5*v - 40 = -5*d + 90. Calculate the greatest common factor of 12 and d.
12
Let w(b) = -3*b + 9. Let p be w(6). Let n = -6 - p. What is the greatest common divisor of 1 and n?
1
Suppose -3*j = 3*m - 4*m - 5, 4*m = -j + 45. Let g(p) = 0*p + 11 - p - m. Let f be g(0). Calculate the highest common factor of f and 11.
1
Let s(g) = g**3 - 3*g**2 + 9. Let u be s(0). Calculate the highest common divisor of u and 36.
9
Let x = -6 - 5. Let y = x + 22. Let r(k) = 13*k + 3. Let t be r(4). Calculate the greatest common factor of t and y.
11
Suppose 2*w - 6 = 2. Suppose -w*y + 123 = -57. What is the highest common factor of y and 5?
5
Suppose 0*g + g = 20. What is the greatest common factor of g and 50?
10
Suppose -5 = -q + 13. What is the highest common divisor of 2 and q?
2
Let i = 20 + -2. Calculate the greatest common factor of 2 and i.
2
Suppose 23 = 3*c - 34. Calculate the greatest common divisor of c and 190.
19
Let p be (-9)/(-6) + (-274)/(-4). Let c be (8/(-6))/((-6)/9). Let x be (-1)/(-2) + 19/c. What is the highest common divisor of p and x?
10
Suppose -x + 1 + 11 = 0. What is the greatest common divisor of x and 96?
12
Suppose 0*j + 66 = 2*j. Suppose -5*v = -4*y + j, -v = y + 4 - 1. Let g(f) = 9*f**3 - f. Let h be g(1). What is the greatest common divisor of h and y?
2
Let a = 43 - 65. Let m = 54 + a. Suppose 0 = -3*i - q + 24, 4*i - 2*q - q = m. Calculate the greatest common factor of 1 and i.
1
Let h be (4/6)/((-3)/(-18)). Suppose 153 = h*z + 2*j - 7*j, 3*j - 9 = 0. Let s be (1*21)/(6/4). What is the highest common factor of s and z?
14
Suppose p + 0*p = -3, -2*p - 296 = -2*g. What is the greatest common divisor of 58 and g?
29
Suppose a = 1, 0*a = -2*v + 3*a + 107. Suppose -5*r = f - 0*r - 6, 20 = 2*f + 2*r. Calculate the highest common divisor of f and v.
11
Let y = -10 - -87. What is the highest common divisor of y and 7?
7
Suppose 5*t + 1119 + 1 = 5*s, -5*s - 5*t + 1100 = 0. Calculate the greatest common divisor of s and 6.
6
Let p be ((-72)/10)/(((-4)/(-10))/(-2)). Calculate the highest common factor of 54 and p.
18
Let o(b) = b - 1. Let v be o(1). Suppose 0 = -3*s - v*s + 18. Let c be 1 + (-472)/(-10) - 7/35. Calculate the highest common divisor of c and s.
6
Suppose -4*y + y + 1 = i, -5*y + 45 = 5*i. Suppose 5*z - 351 = 2*z. Calculate the greatest common divisor of z and i.
13
Let c(k) = -k**3 + 3*k**2 - 2*k + 1. Let d be c(3). Let p = 29 + d. Calculate the greatest common divisor of 4 and p.
4
Suppose -2*m + 4 = -4*r, 4*m + r - 15 = 2*r. Let x be (-3 + 0)*(-2)/6. What is the greatest common factor of m and x?
1
Let h(l) = -50*l**3 + 2*l**2 - 1. Let p be h(-1). Calculate the highest common divisor of p and 85.
17
Suppose -2*o + 18 = d, -4*o = -5*d - 23 - 27. What is the highest common divisor of o and 4?
2
Suppose s + 148 = 5*s. Let x = 12 - 10. Suppose -3*j = 2*h - s, -x*h - 3*j + j = -32. What is the highest common divisor of 11 and h?
11
Let n be (-4)/22 + (-2778)/(-33). Calculate the highest common divisor of n and 56.
28
Let o be 5/(-2)*(-198)/55. Let x be (-4)/5*20/(-8). Suppose -x*q - 55 = -3*c + 2*c, -2*c + q = -122. What is the highest common divisor of c and o?
9
Let i(c) = 28*c**2 - c + 1. Let b be i(1). What is the greatest common factor of 196 and b?
28
Let t be (-12)/18 + 934/6. Suppose -4*g = -57 - 191. Calculate the highest common divisor of t and g.
31
Let c be ((-6)/(-10))/(8/40). Let z = 15 - c. What is the highest common factor of 132 and z?
12
Suppose 0 = -6*b + b - 20. Let w be ((-6)/b)/((-6)/(-8)). Suppose -3*s + j = -25, w*j + 19 - 59 = -3*s. What is the greatest common factor of 10 and s?
10
Let d(f) = -2*f - 22. Let p be d(-15). Calculate the highest common factor of p and 104.
8
Let j = 125 + -119. Calculate the highest common divisor of 42 and j.
6
Suppose 5*u - 526 = -2*r, 3*u + 0*r - 4*r - 300 = 0. What is the greatest common divisor of u and 13?
13
Let h(s) = s**2 + 11*s - 19. Let l be h(-14). Let k = l - 22. What is the greatest common divisor of k and 2?
1
Let c = 323 + -180. What is the highest common divisor of c and 13?
13
Let v(k) = -8*k**2 - 4*k + 2. Let y(j) = -j**2 - j + 1. Let u(z) = -v(z) + 5*y(z). Let t be u(3). Calculate the greatest common divisor of 3 and t.
3
Let s(q) = 1 + 0*q - q - q. Let n be s(-1). What is the greatest common divisor of 1 and n?
1
Suppose -3*l = -2*s + 2 - 4, 3*l + 8 = 4*s. Suppose -7 + 17 = 5*j. What is the highest common divisor of l an